+ 3*f + 6 = 0. Suppose 0 = -3*z - 11 + f. Let g(b) be the third derivative of -b**5/30 - b**4/24 + b**3/2 - 4*b**2. What is g(z)?
-12
Let c(d) be the third derivative of -d**5/60 + d**4/6 + d**3/6 + 3*d**2. Let v = 186 + -181. What is c(v)?
-4
Suppose -2*m - 5*n + 42 = 2*m, 0 = 4*m - 2*n - 28. Let u(a) = a**2 - 126*a + 12. Let h(y) = -y**2 + 113*y - 12. Let c(q) = 9*h(q) + 8*u(q). Determine c(m).
-4
Let t(q) = -4 - q**2 + 0*q**2 + 2*q**2 - q**3 + q**2. What is t(3)?
-13
Let p(a) = 3*a + 24. Let o(r) = 11*r + 72. Let z(t) = -2*o(t) + 7*p(t). What is z(0)?
24
Let k(i) be the third derivative of -i**6/120 - i**5/6 + i**4/6 + i**3/2 - 4*i**2 - 64. What is k(-10)?
-37
Let v(u) = 83*u**2 - 6*u - 2. Let y(x) = 17*x**2 - 1. Let w(l) = -v(l) + 5*y(l). Calculate w(-3).
-3
Let b(j) = -j**2 - 10*j - 3. Let i(x) be the second derivative of -x**3/6 + 12*x. Let u(a) = b(a) - 4*i(a). Determine u(-5).
2
Let d(x) = -x - 4 + 3 + 3. Let o be d(4). Let q(j) be the first derivative of j**4/4 + 2*j**3/3 + j - 144. What is q(o)?
1
Let l be (20/4 - 1)/(4/2). Let s(n) = -5*n + 6*n**l - 2*n**2 - 1 - 3*n**2 - 4*n. What is s(9)?
-1
Let j(l) be the third derivative of -l**5/10 - l**4/6 - 5*l**3/6 + 6*l**2. Let a(z) = -7*z**2 - 5*z - 6. Let q(t) = 5*a(t) - 6*j(t). What is q(-1)?
2
Let f(n) = -2. Let g(w) = w**2 + 3*w - 16. Let v(d) = -5*f(d) + g(d). Give v(-5).
4
Let s be 2 - (1 - -1) - 4. Let x = s - -8. Let u(j) be the third derivative of j**6/120 - j**5/20 - j**4/12 + j**3 - 11*j**2. Calculate u(x).
14
Let p(v) = -8*v**2 + 3*v - 1. Let j be 1230/(-1025)*(-5)/3. Determine p(j).
-27
Let o(v) = 4*v**2 + 1. Let y = 8 - 12. Let h(g) = g**3 + 4*g**2 + g + 5. Let k be h(y). Let c be k/(-3) - (-24)/18. What is o(c)?
5
Let v(x) = -x. Suppose 23*p = 44*p - 210. What is v(p)?
-10
Let p(g) = g + 1. Let u(r) = r - 5 + 0 + 2 + 0*r. Let y be u(9). Suppose -y = i - 2. What is p(i)?
-3
Let r(v) = v + 2. Let o be (-40)/24*-1*3. Suppose -41 = 6*f - 3*f + 4*g, 0 = -3*f + o*g + 4. Let l = 11 + f. Calculate r(l).
6
Let y(j) be the second derivative of -j**4/6 - j**3/6 + 2*j**2 + 2*j + 34. Determine y(-3).
-11
Let z = 6 + -4. Let p(o) = -4*o + o**3 + 3*o**z - 2 + 1 - 2*o. Suppose 0 = -4*i - 5*c - 41, 66 = i - 3*c - 11*c. Give p(i).
7
Let i(v) = 81*v + 16. Let x(k) = -16*k - 3. Let m(q) = 2*i(q) + 11*x(q). What is m(-2)?
27
Let i(j) = j**3 - 2*j**2 - 19*j + 44. Let w be i(4). Suppose -5*q - 12 = -52. Suppose w = -2*o + 18 - q. Let z(d) = -d + 7. What is z(o)?
2
Suppose -113 = -5*u + 3*v, v - 6*v - 80 = -4*u. Let i = -28 + u. Let d(y) = -2*y**2 + 1. Determine d(i).
-17
Let q(y) = y**3 + 7*y**2 - 4*y - 10. Suppose -2*l + 15 = -4*c - 3, 4*c = -2*l - 38. Calculate q(c).
18
Let l(x) be the first derivative of -x**2/2 + 2*x - 58. What is l(6)?
-4
Let p(t) = -t**2 + t + 1. Suppose -3*r = -5*k + 29, -2*r = 2*k + 1 - 3. Suppose 0 = -2*g + k + 2. Suppose -f - 12 = g*f. Give p(f).
-11
Let x(g) be the second derivative of 7*g**3/6 - g**2 + 17*g. Determine x(1).
5
Let l(s) = -800 + 803 + s + 2*s - 2*s. Give l(3).
6
Let f(z) = -4*z**2 + 3*z + 3. Suppose c - 27 = -b - b, -b - 4*c = -17. Let k = b + -6. Let l(x) = -9*x**2 + 5*x + 6. Let m(a) = k*f(a) - 3*l(a). Give m(7).
-4
Let q be (-15)/(-8) + (-1)/(-8). Let r be 1 - 6*2/(-4). Let h(f) = -4 + r - 2*f + 2*f**2 - f**3 + 3*f. What is h(q)?
2
Suppose -12 = t + 3*n + 6, 3*n = -3*t - 24. Let i(r) = r - 6. Let b(a) = -2*a + 12. Let z(u) = t*b(u) - 5*i(u). Determine z(3).
-3
Suppose 4*q = 12 - 0. Let w(n) = 19*n**3 - 4*n**2 + 7*n + 5. Let t(c) = 10*c**3 - 2*c**2 + 4*c + 3. Let h(i) = q*w(i) - 5*t(i). What is h(1)?
6
Let y(q) = 2*q**2 + q**3 - 3 - 4*q - q**2 + 0*q**3. Suppose -52*c - 22 = -88*c + 47*c. Calculate y(c).
1
Suppose 2 = 3*s - 7. Let q(y) = -y**3 + 1 + 2*y + s*y + 2*y**3 + 5*y**2. Let b = -42 - -38. Give q(b).
-3
Suppose -3*x = 3*o + 15, -2 = -o - 6. Let g(q) = q**3 - q. Let t be g(x). Let w be 3/(t + -2 + 3). Let h(a) = -a + 3. Calculate h(w).
0
Let r(t) = -8*t**2 + 2*t - 50. Let d(p) = -21*p**2 + 5*p - 148. Let x(y) = -3*d(y) + 8*r(y). Calculate x(0).
44
Suppose -3*u = 5*d - 6, d - 5*u = 6*d. Let y(x) be the first derivative of 1/3*x**d - x**2 + 2*x + 6. Calculate y(3).
5
Let u(q) be the third derivative of -q**5/30 - q**4/12 + q**3 - 127*q**2. Give u(4).
-34
Suppose 11*l - 6*l = 135. Suppose -17 = -l*u + 10*u. Let y(h) = -2*h**3 + 2*h**2 - h. Determine y(u).
-1
Let v(c) = -c**2 + 79*c + 5. Let r(z) = -z**2 + 115*z + 7. Let l(p) = -2*r(p) + 3*v(p). Let t = 15 + -7. Give l(t).
-7
Let u(s) = -s**2 + 4*s + 7. Let g(c) = -2*c**2 + 8*c + 15. Let p(o) = 2*g(o) - 5*u(o). Let y = 14 + -10. What is p(y)?
-5
Suppose 0 = -4*r - 16, -3*l = 2*l - 4*r - 156. Let d = 39 - l. Let o = -9 + d. Let x(y) = -y**3 + y**2. Determine x(o).
-4
Let i be (30/9)/(4/6). Let v(k) = 0*k + 2*k**3 + 0 + 3*k + 2*k**2 - i*k**2 - 2. Calculate v(2).
8
Let k(g) = -g + 5. Let v be k(5). Suppose 3*m + 10 = 5*m. Let a(w) = 7*w + 0*w - 3*w - m*w - 2. Give a(v).
-2
Let v(q) = -5*q - 1. Let j = 82 + -83. Determine v(j).
4
Let t(r) = -5*r**2 - 8*r + 3. Let l(s) = -2*s**2 - 2*s - 1. Let c(y) = -2*l(y) + t(y). What is c(-5)?
0
Let a be (2 + -3)*-13 - -2. Suppose d = -3*b + 13 + 3, -3*d = a. Let w(k) be the third derivative of -k**6/120 + k**5/10 + 7*k**4/24 + 7*k**2. Give w(b).
0
Let f(y) = y**3 - y**2 - y + 1. Let r(l) = 6*l**3 - 6*l**2 - 2*l + 6. Let j(w) = -5*f(w) + r(w). Give j(3).
28
Let u be (((-25)/(-80))/5)/(30/4). Let y(h) be the third derivative of 0 + u*h**6 - 1/30*h**5 - 5/24*h**4 + 2*h**2 + 0*h + 1/3*h**3. Give y(3).
-4
Let f(m) = m**2 - 14*m - 18. Suppose 240 = -46*r + 62*r. Give f(r).
-3
Let a(g) = -7*g. Suppose -12*q + 8*q - 92 = 0. Let j be (-22)/6*(1 + 5). Let u = q - j. Calculate a(u).
7
Let v be (-15)/10*(-8)/(-12). Let t be (-2)/(-7) + v + (-108)/(-14). Let s(o) = o - 5. Determine s(t).
2
Let k(l) be the second derivative of l**3/6 + 7*l**2/2 + 28*l. Calculate k(6).
13
Suppose 4*i + i - 45 = 0. Let r(j) = j**3 - 9*j**2 + j. Calculate r(i).
9
Let a(f) = -4*f**2 + 8*f + 1. Suppose 30 = 6*g - g - 3*n, 2*g - 31 = 5*n. Determine a(g).
-11
Let i(y) = -y**2 - 2*y - 1. Suppose -3*j = -3*s - 1 + 4, 0 = -4*j - 4*s - 4. Determine i(j).
0
Let f(q) = -q**2 - q + 1. Let h(p) = -p**2 - 7*p - 1. Let w(x) = 2*f(x) - h(x). Let r = 0 - -4. Calculate w(r).
7
Let t = 21 - 12. Let v be (1*t)/(21/14). Let d(a) = a**3 - 5*a**2 - 4*a + 1. Calculate d(v).
13
Let i(n) = -81*n + n**2 - 1 + n**3 + 38*n + 42*n. Calculate i(-2).
-3
Suppose -n = 5*w - 7 + 4, 0 = -2*w. Let o(x) = 0*x**n + 16*x + 1 + x**2 + x**3 + 0 - 15*x. Determine o(0).
1
Let w(j) be the second derivative of -j**4/12 - 4*j**3/3 + 19*j**2/2 - 48*j. Calculate w(-9).
10
Let w(j) = -10*j - 53 + 105 - 50 + 6*j. Let u(h) = 7*h - 4. Suppose -2*x + 2 + 4 = 0. Let o(q) = x*u(q) + 5*w(q). Give o(3).
1
Let p(m) be the first derivative of -13*m**2 + 3*m - 379. What is p(2)?
-49
Let h(b) be the third derivative of 1/3*b**3 + 11*b**2 + 0 - 2/15*b**5 - 7/24*b**4 - 1/120*b**6 + 0*b. Calculate h(-7).
2
Let d(k) = 7*k - 6. Let a(w) = -4*w + 2. Let b(h) = 5*a(h) + 3*d(h). Give b(0).
-8
Let c(l) be the third derivative of 0*l**3 + 0*l**4 - 1/60*l**5 - 31*l**2 + 0 + 1/120*l**6 + 0*l. What is c(2)?
4
Let x = 71 - 36. Let f = x + -25. Suppose -22 = o - 4*g, o + 0*g - f = -4*g. Let k(r) = r**2 + 5*r - 6. What is k(o)?
0
Let x(w) = -w - 7. Let q be x(-5). Let i(z) = -z**2 + 0*z**2 + 1 + 0*z**2. Let m(h) = -h**2 - h. Let o(c) = 2*i(c) - m(c). What is o(q)?
-4
Let v(r) = r**3 - 4*r**2 - r + 4. Let q be ((-2)/7)/(11/(-77)). Let b(u) = -2 - u**3 + 2*u**2 + 3*u - 5 + 5. Let o be b(q). Give v(o).
0
Suppose 0 = 16*s - 10*s + 54. Let w be (-208)/36 + 3 - (-2)/s. Let g(k) = 3*k**2 - 5*k**2 + 0*k**2 - 4*k - 1. Give g(w).
-7
Let d(w) = w + 1. Let i be d(3). Suppose i*s - 7 = 1. Let z(c) = 2*c + 0 - 1 - 5*c + s*c + c**2. Give z(3).
5
Let s(x) = -5*x**3 + 23*x**2 - 10*x - 2. Let k(j) = 4*j**3 - 20*j**2 + 10*j + 3. Let d(n) = 6*k(n) + 5*s(n). Calculate d(-7).
36
Let o = 149 + -147. Let c(y) be the first derivative of 1 + y + 2/3*y**3 - 5/4*y**4 - y**o. Determine c(1).
-4
Let n(o) = o**3 + o**2 + 3. Suppose 19*l = 11*l. Give n(l).
3
Suppose 4*u = 3*a + 11, -u - 6 = 5*a - 26. Let l(m) = -m**2 + m - 1. Calculate l(a).
-7
Let d(i) = 2*i**2 + 540*i - 4*i**2 - 539*i. Give d(-2).
-10